ue
Is 3088333 composite?
False
Is 7339549 a prime number?
False
Is 185017 prime?
False
Is 78730511 a prime number?
True
Is 51325459 a composite number?
True
Is 4274211 a composite number?
True
Is 281477479 a prime number?
False
Is 46913141 prime?
False
Is 69903697 a composite number?
True
Is 85473197 prime?
False
Is 254310131 a composite number?
False
Is 12486709 prime?
True
Is 11784209 a prime number?
True
Is 552795793 composite?
True
Is 2630423 prime?
True
Is 5142547 a prime number?
False
Is 65730949 a prime number?
False
Is 866279 a prime number?
True
Is 28546657 a prime number?
False
Is 15395971 a composite number?
False
Is 2378917 composite?
False
Is 95024899 a prime number?
False
Is 577173347 a prime number?
True
Is 13607821 composite?
True
Is 303858179 a prime number?
True
Is 2213137 composite?
False
Is 471439 a prime number?
True
Is 2656573 prime?
False
Is 99511807 composite?
False
Is 9335141 composite?
False
Is 205314269 prime?
True
Is 34099469 a composite number?
False
Is 67061237 prime?
True
Is 2845561 composite?
False
Is 18208643 prime?
True
Is 49288951 prime?
False
Is 4926527 prime?
True
Is 23529511 prime?
True
Is 237142273 a composite number?
False
Is 863239 a prime number?
False
Is 38430629 a composite number?
False
Is 127809391 composite?
True
Is 211985887 a composite number?
True
Is 40327757 a prime number?
False
Is 2286363 prime?
False
Is 38761939 a prime number?
True
Is 2655283 composite?
True
Is 473701 composite?
True
Is 1303091 prime?
True
Is 80661859 prime?
False
Is 1438783 prime?
False
Is 410923 a prime number?
False
Is 203256139 a composite number?
False
Is 197965409 a prime number?
True
Is 5979679 prime?
True
Is 91323194 prime?
False
Is 9848249 a composite number?
False
Is 130560919 a prime number?
True
Is 206814365 a prime number?
False
Is 12224129 a composite number?
False
Is 20887201 composite?
False
Is 280607 a composite number?
False
Is 4028099 prime?
False
Is 6631481 composite?
True
Is 6645677 a composite number?
False
Is 193927859 composite?
False
Is 328058233 a composite number?
False
Is 5629279 prime?
True
Is 79806421 a prime number?
False
Is 1332557 a composite number?
False
Is 5474747 prime?
False
Is 56259547 a composite number?
False
Is 324769 a composite number?
True
Is 33458855 prime?
False
Is 4492109 prime?
False
Is 54697187 a composite number?
False
Is 3169583 composite?
False
Is 141942719 composite?
True
Is 1259867 composite?
True
Is 200585285 a prime number?
False
Is 5315623 a composite number?
True
Is 2655607 a prime number?
True
Is 149008759 composite?
False
Is 131401561 prime?
False
Is 1899949 a prime number?
True
Is 952087 a prime number?
True
Is 16148089 prime?
True
Is 181283603 a composite number?
False
Is 91091641 a prime number?
True
Is 875443 a composite number?
False
Is 472471679 prime?
False
Is 89548331 a prime number?
False
Is 178705993 a prime number?
False
Is 381837511 a composite number?
True
Is 2146399 prime?
False
Is 14105753 composite?
False
Is 1344727 composite?
False
Is 473545946 a composite number?
True
Is 30659419 a composite number?
True
Is 915839 prime?
True
Is 31456367 composite?
True
Is 4858193 composite?
False
Is 25434835 a composite number?
True
Is 2380241 prime?
True
Is 3668851 prime?
True
Is 4379437 prime?
True
Is 1999621 a prime number?
False
Is 91741609 composite?
False
Is 930397009 a prime number?
True
Is 9973477 composite?
True
Is 30116521 prime?
True
Is 21595681 a composite number?
True
Is 7583321 a prime number?
False
Is 4168559 a prime number?
True
Is 3150019 a prime number?
False
Is 14087077 composite?
False
Is 17412191 a prime number?
True
Is 81467341 a composite number?
True
Is 11712191 prime?
True
Is 463501663 a prime number?
True
Is 1235159 prime?
True
Is 76506401 prime?
False
Is 1192645 a composite number?
True
Is 149566367 composite?
False
Is 106999693 composite?
True
Is 90126713 composite?
False
Is 20722019 a composite number?
True
Is 2283803 a composite number?
False
Is 79241567 prime?
True
Is 674340593 a prime number?
True
Is 4888309 a composite number?
False
Is 11064323 composite?
False
Is 45188777 composite?
True
Is 8290757 prime?
False
Is 40877729 composite?
True
Is 135901322 a prime number?
False
Is 375518863 composite?
False
Is 476299 a prime number?
True
Is 6167867 prime?
True
Is 3419531 prime?
True
Is 28611053 prime?
False
Is 4597577 a prime number?
True
Is 11119301 a composite number?
True
Is 29966111 prime?
False
Is 164305061 a prime number?
True
Is 2772433 a prime number?
True
Is 1051247 a prime number?
True
Is 3329551 a prime number?
True
Is 5050063 composite?
False
Is 99190243 a prime number?
True
Is 139820453 prime?
True
Is 96926161 prime?
True
Is 2251523 a prime number?
False
Is 7447877 composite?
False
Is 264503891 a composite number?
False
Is 17175689 prime?
True
Is 4015981 composite?
False
Is 4336015 prime?
False
Is 183840389 a composite number?
True
Is 4289647 prime?
True
Is 58295383 prime?
True
Is 1756633 prime?
True
Is 26067799 a composite number?
False
Is 161633426 composite?
True
Is 210576539 composite?
False
Is 291123478 a composite number?
True
Is 294583 composite?
True
Is 119140339 a composite number?
True
Is 28971989 a composite number?
True
Is 2103713 composite?
False
Is 47045555 a prime number?
False
Is 25242589 a prime number?
True
Is 457943 prime?
True
Is 559100909 a prime number?
True
Is 254145433 composite?
False
Is 726611 a composite number?
False
Is 483377 composite?
False
Is 14427503 a composite number?
False
Is 30699651 a prime number?
False
Is 14260139 a composite number?
True
Is 71752679 a prime number?
True
Is 6396053 prime?
True
Is 7483271 a prime number?
True
Is 2386859 prime?
True
Is 95679707 prime?
True
Is 105010843 a prime number?
False
Is 39072743 prime?
True
Is 1950217 a composite number?
True
Is 111024803 a prime number?
True
Is 36430621 composite?
False
Is 4511503 prime?
False
Is 15123597 a composite number?
True
Is 84674633 a composite number?
False
Is 103055083 a composite number?
True
Is 140136641 a composite number?
True
Is 3416009 a composite number?
True
Is 48655358 prime?
False
Is 48482347 prime?
True
Is 99905017 a composite number?
True
Is 15973733 a composite number?
False
Is 493686299 a composite number?
False
Is 2817443 composite?
False
Is 48507737 a composite number?
False
Is 3655643 composite?
True
Is 14320841 composite?
False
Is 152830343 a composite number?
True
Is 23815277 a prime number?
True
Is 405544939 a composite number?
False
Is 840871 prime?
False
Is 232615 prime?
False
Is 358870351 a composite number?
True
Is 159028771 prime?
False
Is 18249167 composite?
False
Is 4992163 prime?
False
Is 5625809 composite?
True
Is 2539366 a composite number?
True
Is 24149573 a composite number?
True
Is 1975991 prime?
True
Is 13472051 a composite number?
True
Is 5463769 a composite number?
True
Is 24016763 composite?
False
Is 946123 a prime number?
True
Is 10401799 composite?
False
Is 437941739 composite?
False
Is 43024019 prime?
True
Is 17944153 composite?
True
Is 4620937 prime?
False
Is 52548701 composite?
False
Is 242927 prime?
True
Is 320374867 a composite number?
True
Is 165183833 a prime number?
True
Is 626456093 a composite number?
True
Is 9941317 a prime number?
True
Is 889829 composite?
False
Is 1367711 a prime number?
True
Is 49573735 composite?
True
Is 5668639 prime?
True
Is 1726189 composite?
False
Is 1840889 prime?
False
Is 58763 a composite number?
False
Is 30276397 composite?
True
Is 275221033 a composite number?
False
Is 11901245 a composite number?
True
Is 157877599 composite?
True
Is 44818999 composite?
False
Is 3663887 a composite number?
False
Is 40867357 a composite number?
False
Is 3377807 a composite number?
False
Is 2411153 composite?
True
Is 14766143 composite?
True
Is 96604141 a prime number?
False
Is 2178937 a prime number?
True
Is 254532791 a prime number?
False
Is 1495543 composite?
True
Is 64406873 a prime number?
False
Is 11723687 a composite number?
True
Is 649149005 composite?
True
Is 117373907 composite?
True
Is 34684577 composite?
True
Is 1253383 composite?
True
Is 14757131 prime?
True
Is 8065411 prime?
False
Is 845591 a prime number?
False
Is 989119 a composite number?
False
Is 304012469 a composite number?
False
Is 122597447 a prime number?
False
Is 18982113 com